{"id":2,"date":"2009-05-31T20:34:09","date_gmt":"2009-05-31T18:34:09","guid":{"rendered":"http:\/\/cms.warszawa.pl\/?page_id=2"},"modified":"2023-09-14T13:40:32","modified_gmt":"2023-09-14T11:40:32","slug":"about","status":"publish","type":"page","link":"http:\/\/xn--okazwoka-bpb.pl\/index.php\/about\/","title":{"rendered":"O mnie"},"content":{"rendered":"<p>Cze\u015b\u0107, jestem Euzebiusz Krzy\u017cak &#8211; pasjonat SEO i programowania. Chcia\u0142bym podzieli\u0107 si\u0119 z Tob\u0105 troch\u0119 wi\u0119cej o mojej drodze zawodowej i moich projektach.<\/p>\n<p>\ud83d\ude80 Od SEO do Programowania:<br \/>\nPrzygod\u0119 z SEO rozpocz\u0105\u0142em ju\u017c w 2006 roku. Fascynacja tym, jak dzia\u0142a \u015bwiat wyszukiwarek internetowych, szybko przerodzi\u0142a si\u0119 w moj\u0105 pasj\u0119 i prac\u0119 zawodow\u0105. Po kilku latach pracy w tej dziedzinie postanowi\u0142em poszerzy\u0107 swoje horyzonty. To by\u0142o prze\u0142omowe, gdy nauczy\u0142em si\u0119 programowania. To umo\u017cliwi\u0142o mi nie tylko g\u0142\u0119bsze zrozumienie technicznej strony SEO, ale tak\u017ce tworzenie w\u0142asnych narz\u0119dzi i rozwi\u0105za\u0144.<\/p>\n<p>\ud83d\udee0\ufe0f Moje Narz\u0119dzia SEO:<br \/>\nW trakcie swojej kariery stworzy\u0142em wiele narz\u0119dzi dedykowanych bran\u017cy SEO. Jednym z moich pierwszych sukces\u00f3w by\u0142 DonLinkage &#8211; narz\u0119dzie do pozycjonowania stron internetowych. To narz\u0119dzie wykorzystuje zaawansowane techniki, w tym rozpoznawanie znak\u00f3w z Captcha &#8211; OCR. DonLinkage zdoby\u0142o uznanie w bran\u017cy i pomog\u0142o wielu firmom osi\u0105gn\u0105\u0107 lepsz\u0105 widoczno\u015b\u0107 w wynikach wyszukiwania.<\/p>\n<p>\ud83d\udd17 LinkTak.pl &#8211; System Wymiany Link\u00f3w:<br \/>\nLinkTak.pl to kolejny projekt, kt\u00f3ry stworzy\u0142em. To platforma umo\u017cliwiaj\u0105ca u\u017cytkownikom efektywn\u0105 wymian\u0119 link\u00f3w, co mo\u017ce znacz\u0105co wp\u0142yn\u0105\u0107 na popraw\u0119 pozycji w wynikach wyszukiwania. LinkTak.pl to miejsce, gdzie profesjonali\u015bci od SEO mog\u0105 budowa\u0107 cenne linki.<\/p>\n<p>\ud83d\udecd\ufe0f topX.pl &#8211; Sklep SEO:<br \/>\nW ramach mojej pasji i zainteresowa\u0144, stworzy\u0142em topX.pl, sklep oferuj\u0105cy profesjonalne us\u0142ugi linkbuildingu.<\/p>\n<p>\ud83c\udf10 Inne Projekty:<br \/>\nTo tylko cz\u0119\u015b\u0107 mojej pracy. Opr\u00f3cz wymienionych narz\u0119dzi, stworzy\u0142em tak\u017ce programy takie jak panel WPis do masowego zarz\u0105dzania WordPressami, SeoInstalator, SWL BOX &#8211; Prywatny SWL, WebCie\u0107, oraz serwisy indeksuj\u0105ce w Google, takie jak addurl.i4a.pl. Jest jeszcze edytorseo.pl , stworzy\u0142em program Plagiator do sprawdzania plagiat\u00f3w oraz darmowy zestaw narz\u0119dzi SeoPrzybornik. Jest i by\u0142o tego o wiele wi\u0119cej, nie m\u00f3wi\u0105c ju\u017c o wykonanych projektach na indywidualne zam\u00f3wienie.<\/p>\n<p>\ud83c\udf1f Motywacja:<br \/>\nJestem zafascynowany mo\u017cliwo\u015bciami, jakie daje nam internet i technologia. To nap\u0119dza mnie do tworzenia, uczenia si\u0119 i pomagania innym osi\u0105ga\u0107 sukces online. Nieustannie rozwijam swoj\u0105 wiedz\u0119, dziel\u0119 si\u0119 ni\u0105 z innymi i poszukuj\u0119 nowych sposob\u00f3w na efektywn\u0105 optymalizacj\u0119 witryn internetowych.<\/p>\n<p>Dzi\u0119kuj\u0119, \u017ce jeste\u015b tutaj i dzielisz ze mn\u0105 t\u0119 pasj\u0119. Je\u015bli masz pytania, potrzebujesz wsparcia w dziedzinie SEO lub interesuj\u0105 Ci\u0119 moje narz\u0119dzia i projekty, \u015bmia\u0142o si\u0119 kontaktuj.<\/p>\n<p>Je\u015bli chcesz si\u0119 ze mn\u0105 skontaktowa\u0107 zostaw komentarz lub po prostu napisz na adres email:<\/p>\n<p><img src=\"http:\/\/xn--okazwoka-bpb.pl\/wp-content\/uploads\/2022\/08\/3654dc90a833d721e0b4fa4564a43479.png\" \/><img src=\"http:\/\/xn--okazwoka-bpb.pl\/wp-content\/uploads\/2022\/08\/c1fd6fa1f3cd83ce93d5631b94b7c6f6.png\" \/><\/p>\n<p>&nbsp;<\/p>\n","protected":false},"excerpt":{"rendered":"<p>Cze\u015b\u0107, jestem Euzebiusz Krzy\u017cak &#8211; pasjonat SEO i programowania. Chcia\u0142bym podzieli\u0107 si\u0119 z Tob\u0105 troch\u0119 wi\u0119cej o mojej&#46;&#46;&#46;<\/p>\n","protected":false},"author":1,"featured_media":0,"parent":0,"menu_order":0,"comment_status":"open","ping_status":"open","template":"","meta":[],"_links":{"self":[{"href":"http:\/\/xn--okazwoka-bpb.pl\/index.php\/wp-json\/wp\/v2\/pages\/2"}],"collection":[{"href":"http:\/\/xn--okazwoka-bpb.pl\/index.php\/wp-json\/wp\/v2\/pages"}],"about":[{"href":"http:\/\/xn--okazwoka-bpb.pl\/index.php\/wp-json\/wp\/v2\/types\/page"}],"author":[{"embeddable":true,"href":"http:\/\/xn--okazwoka-bpb.pl\/index.php\/wp-json\/wp\/v2\/users\/1"}],"replies":[{"embeddable":true,"href":"http:\/\/xn--okazwoka-bpb.pl\/index.php\/wp-json\/wp\/v2\/comments?post=2"}],"version-history":[{"count":5,"href":"http:\/\/xn--okazwoka-bpb.pl\/index.php\/wp-json\/wp\/v2\/pages\/2\/revisions"}],"predecessor-version":[{"id":5312,"href":"http:\/\/xn--okazwoka-bpb.pl\/index.php\/wp-json\/wp\/v2\/pages\/2\/revisions\/5312"}],"wp:attachment":[{"href":"http:\/\/xn--okazwoka-bpb.pl\/index.php\/wp-json\/wp\/v2\/media?parent=2"}],"curies":[{"name":"wp","href":"https:\/\/api.w.org\/{rel}","templated":true}]}}