{"id":662,"date":"2013-03-21T19:02:16","date_gmt":"2013-03-21T17:02:16","guid":{"rendered":"http:\/\/xn--okazwoka-bpb.pl\/index.php\/cookie-policy\/"},"modified":"2018-11-28T16:25:55","modified_gmt":"2018-11-28T14:25:55","slug":"cookie-policy","status":"publish","type":"page","link":"http:\/\/xn--okazwoka-bpb.pl\/index.php\/cookie-policy\/","title":{"rendered":"Polityka Cookies"},"content":{"rendered":"<p>Niniejsza Polityka dotyczy plik\u00f3w cookie\u201d i odnosi si\u0119 do stron internetowych na domenie okazw\u0142oka.pl.<\/p>\n<p>Pliki cookies (tzw. \u201cciasteczka\u201d) stanowi\u0105 dane informatyczne, w szczeg\u00f3lno\u015bci pliki tekstowe, kt\u00f3re przechowywane s\u0105 w urz\u0105dzeniu ko\u0144cowym u\u017cytkownika i przeznaczone s\u0105 do korzystania ze stron internetowych. Cookies zazwyczaj zawieraj\u0105 nazw\u0119 strony internetowej, z kt\u00f3rej pochodz\u0105, czas przechowywania ich na urz\u0105dzeniu ko\u0144cowym oraz unikalny numer.<\/p>\n<p>Pliki cookies wykorzystywane s\u0105 w celu:<br \/>\ndostosowania zawarto\u015bci stron internetowych do preferencji u\u017cytkownika,<br \/>\ntworzenia statystyk, kt\u00f3re pomagaj\u0105 zrozumie\u0107, w jaki spos\u00f3b u\u017cytkownicy korzystaj\u0105 ze stron internetowych,<br \/>\nutrzymanie sesji u\u017cytkownika (po zalogowaniu), dzi\u0119ki kt\u00f3rej u\u017cytkownik nie musi na ka\u017cdej podstronie ponownie wpisywa\u0107 loginu i has\u0142a.<\/p>\n<p>W ramach stron internetowych stosowane s\u0105 dwa zasadnicze rodzaje plik\u00f3w cookies: \u201csesyjne\u201d oraz \u201csta\u0142e\u201d. Cookies \u201csesyjne\u201d s\u0105 plikami tymczasowymi, kt\u00f3re przechowywane s\u0105 w urz\u0105dzeniu ko\u0144cowym u\u017cytkownika do czasu wy\u0142\u0105czenia oprogramowania (przegl\u0105darki internetowej). \u201cSta\u0142e\u201d pliki cookies przechowywane s\u0105 w urz\u0105dzeniu ko\u0144cowym u\u017cytkownika przez czas okre\u015blony w parametrach plik\u00f3w cookies lub do czasu ich usuni\u0119cia przez u\u017cytkownika.<\/p>\n<p>W wielu przypadkach oprogramowanie s\u0142u\u017c\u0105ce do przegl\u0105dania stron internetowych (przegl\u0105darka internetowa) domy\u015blnie dopuszcza przechowywanie plik\u00f3w cookies w urz\u0105dzeniu ko\u0144cowym u\u017cytkownika. U\u017cytkownicy stron internetowych mog\u0105 dokona\u0107 w ka\u017cdym czasie zmiany ustawie\u0144 dotycz\u0105cych plik\u00f3w cookies. Ustawienia te mog\u0105 zosta\u0107 zmienione w szczeg\u00f3lno\u015bci w taki spos\u00f3b, aby blokowa\u0107 automatyczn\u0105 obs\u0142ug\u0119 plik\u00f3w cookies w ustawieniach przegl\u0105darki internetowej, b\u0105d\u017a informowa\u0107 o ich ka\u017cdorazowym zamieszczeniu w urz\u0105dzeniu u\u017cytkownika stron internetowych. Szczeg\u00f3\u0142owe informacje o mo\u017cliwo\u015bci i sposobach obs\u0142ugi plik\u00f3w cookies dost\u0119pne s\u0105 w ustawieniach oprogramowania (przegl\u0105darki internetowej).<\/p>\n<p>Operator Serwisu informuje, \u017ce ograniczenia stosowania plik\u00f3w cookies mog\u0105 wp\u0142yn\u0105\u0107 na niekt\u00f3re funkcjonalno\u015bci dost\u0119pne na stronach internetowych.<\/p>\n<p>Pliki cookies zamieszczane w urz\u0105dzeniu ko\u0144cowym u\u017cytkownika stron internetowych wykorzystywane mog\u0105 by\u0107 r\u00f3wnie\u017c przez wsp\u00f3\u0142pracuj\u0105cych z operatorem stron internetowych reklamodawc\u00f3w oraz partner\u00f3w.<\/p>\n","protected":false},"excerpt":{"rendered":"<p>Niniejsza Polityka dotyczy plik\u00f3w cookie\u201d i odnosi si\u0119 do stron internetowych na domenie okazw\u0142oka.pl. Pliki cookies (tzw. \u201cciasteczka\u201d)&#46;&#46;&#46;<\/p>\n","protected":false},"author":1,"featured_media":0,"parent":0,"menu_order":1001,"comment_status":"open","ping_status":"closed","template":"","meta":[],"_links":{"self":[{"href":"http:\/\/xn--okazwoka-bpb.pl\/index.php\/wp-json\/wp\/v2\/pages\/662"}],"collection":[{"href":"http:\/\/xn--okazwoka-bpb.pl\/index.php\/wp-json\/wp\/v2\/pages"}],"about":[{"href":"http:\/\/xn--okazwoka-bpb.pl\/index.php\/wp-json\/wp\/v2\/types\/page"}],"author":[{"embeddable":true,"href":"http:\/\/xn--okazwoka-bpb.pl\/index.php\/wp-json\/wp\/v2\/users\/1"}],"replies":[{"embeddable":true,"href":"http:\/\/xn--okazwoka-bpb.pl\/index.php\/wp-json\/wp\/v2\/comments?post=662"}],"version-history":[{"count":3,"href":"http:\/\/xn--okazwoka-bpb.pl\/index.php\/wp-json\/wp\/v2\/pages\/662\/revisions"}],"predecessor-version":[{"id":931,"href":"http:\/\/xn--okazwoka-bpb.pl\/index.php\/wp-json\/wp\/v2\/pages\/662\/revisions\/931"}],"wp:attachment":[{"href":"http:\/\/xn--okazwoka-bpb.pl\/index.php\/wp-json\/wp\/v2\/media?parent=662"}],"curies":[{"name":"wp","href":"https:\/\/api.w.org\/{rel}","templated":true}]}}